 and s.
6
Let t be 6*(-2)/((-4)/(-76)*-4). Let l = 61 - t. Let v be ((-16)/6)/l*-3. Calculate the highest common divisor of v and 5.
1
Let a = 14662 - 14518. What is the highest common factor of 5904 and a?
144
Let d(l) = 34*l**2 + 849*l + 27. Let c be d(-27). What is the highest common factor of c and 140?
70
Suppose -19*h = -21 - 55. Suppose -d - 4 = 0, 3*x + x - h*d - 52 = 0. Calculate the highest common factor of 11 and x.
1
Let n = -10480 + 11356. Calculate the greatest common factor of n and 1022.
146
Let i = -14406 + 14711. Calculate the highest common factor of 55 and i.
5
Suppose 0 = 101*g + 89*g + 19900 - 226620. Calculate the greatest common divisor of g and 64.
64
Suppose -2*r + 5*x + 21 = 0, 6*r - 4*x + 5*x - 15 = 0. What is the greatest common factor of r and 37?
1
Let g(k) = -k**2 + 3*k + 9. Let x = 21 + -21. Let j be g(x). Let w = j - 7. What is the highest common factor of w and 8?
2
Suppose p = -13 + 35. Suppose -679*a = -940*a + 2871. Calculate the greatest common factor of p and a.
11
Let m(a) = a**3 + 2*a**2 - 2*a - 6. Let o be m(0). Let s be 971/3 - 2/o. Let y = s - 124. What is the greatest common factor of y and 40?
40
Suppose -3*c = -3*n + 75, c - 125 = -5*n + 30. Calculate the highest common factor of 1920 and n.
30
Suppose -2*r - 24*r = -3094. Suppose 373 = 41*f - r. What is the greatest common divisor of 24 and f?
12
Let i = 1439 - 1391. Let p(n) = 17*n**3 - n**2 - 4*n + 4. Let q be p(2). Calculate the greatest common divisor of q and i.
16
Suppose -k + 0*k + 3 = 0. Suppose 5*s - t - 30 = -6*t, 20 = 5*s + k*t. Let c = -299 + 302. What is the highest common factor of s and c?
1
Suppose 0 = -3*t + 5*q + 500, 53*q = -4*t + 55*q + 676. Calculate the highest common divisor of t and 40.
10
Let r be (-4)/(-10) + (-148)/(-5). Suppose 3*y = -y + y. Suppose -4*v - 104 + 284 = y. What is the greatest common divisor of r and v?
15
Suppose 36*m - 14*m - 176 = 0. Calculate the highest common factor of m and 856.
8
Suppose 3*s - 1051 = -2*h, 0 = -28*h + 31*h + s - 1573. What is the greatest common divisor of h and 28?
4
Suppose 0 = -147*x + 31*x + 4872. Calculate the greatest common factor of 518 and x.
14
Suppose 0 = -o - 12*o + 234. Suppose -o*z + 78 = -138. What is the highest common divisor of 12 and z?
12
Let m = 105 - 17. Let h = -15 - -14. Let v(f) = 20*f**2 - 3*f - 1. Let p be v(h). Calculate the greatest common factor of m and p.
22
Suppose -35 = -2*l - 5*a, -7*l + 35 = -2*l + 2*a. Let m = -128 + 148. Suppose -5*k - m = -9*k. What is the greatest common factor of k and l?
5
Suppose 3*o + 2*x - 43 = 0, 8*o - 9*o - 2*x + 13 = 0. Let r be o/(-12) - (-577)/4. Calculate the highest common factor of r and 11.
11
Let f be -5*(-5 + 322/70). What is the greatest common factor of f and 1322?
2
Let n be (-8)/(16/14) + 3 + 87 - 8. Let a be (-4)/3 + (-8)/12. Let k be (a - -13) + 2 - -2. Calculate the greatest common factor of k and n.
15
Let b(z) = -126*z**3 - 6*z**2 + 5*z - 20. Let d be b(-6). Let t be d/(-63) - 4/18. Let l = -296 - t. Calculate the highest common factor of 12 and l.
12
Let b = 38 - -58. Let v = -8431 + 8503. Calculate the highest common divisor of b and v.
24
Let z(q) = q**3 + 2*q**2 - 3*q + 2. Let a be -1*(0 + -2*15/(-10)). Let x be z(a). What is the greatest common divisor of 6 and x?
2
Let j = -1858 - -2106. What is the greatest common divisor of j and 3596?
124
Suppose 945 = 4*o + s, -2*o - 20*s + 15*s = -477. Calculate the greatest common factor of 767 and o.
59
Let z(s) = 10*s**2 + 16*s - 2. Let j(v) = -2*v - 30. Let p be j(6). Let b = p + 37. Let k be z(b). Calculate the highest common divisor of 21 and k.
21
Suppose -3*k + 5*k = 8. Let z = 1008 - 1003. Suppose 31*r - 68 = 28*r - z*v, 5*r = -5*v + 100. What is the greatest common factor of r and k?
4
Let s = -15226 - -15367. Let f be ((-94)/(-4))/((-1)/(-4)). What is the highest common factor of s and f?
47
Let r(o) = 4*o**3 + 570*o**2 + 285*o + 415. Let t be r(-142). What is the highest common factor of 861 and t?
21
Let k = -2264 + 2328. What is the highest common factor of 2768 and k?
16
Let j(s) = 11*s**2 + 205*s - 610. Let l be j(3). What is the greatest common divisor of 117 and l?
13
Let m be (-1852)/(-14) + (-4)/14. Let r = 5 + 55. Suppose 2*x - 24 = -0*x - 5*j, -5*x + 3*j + r = 0. What is the highest common divisor of m and x?
12
Let b(n) = -7 + 48*n + 48*n + 44*n + n**3 - 14*n**2 - 152*n. Let y be b(17). Calculate the highest common factor of 82 and y.
82
Suppose -604*l + 549*l = -46750. What is the greatest common factor of 765 and l?
85
Let w be (2/(-1) + -1)/(153/(-15504)). What is the greatest common divisor of w and 1862?
38
Let c be 12/28 - (-805456)/336*3. Calculate the highest common divisor of c and 1624.
232
Let n(s) = 133*s + 1690. Let k be n(0). Calculate the greatest common divisor of 78 and k.
26
Let p(u) = -57*u - 1. Let q be p(-1). Let t(j) = -23*j + 13. Let n be t(3). Let z = n - -64. What is the greatest common factor of q and z?
8
Let p = -817 - -1463. Suppose -p - 58 = -8*h. What is the greatest common divisor of 22 and h?
22
Suppose -5*r = -a - 8, -3*r + 0*r - 2 = -4*a. Suppose -15 = -a*t + t. Let n be (7 + -17)*15/(-2). What is the greatest common factor of t and n?
15
Suppose -29714 = -399*u + 20161. Let y be -35*(-7 - (0 + -2)). What is the greatest common factor of y and u?
25
Let v(p) = p**2 - 10*p - 17. Let l be v(12). Suppose 0 = 5*k - l*k + 5*a + 21, 3*k = a + 12. What is the highest common factor of k and 6?
3
Suppose -3*u + 121 = q, -6*u = -4*u - q - 79. Let n be 567/36 - 16 - 722/(-8). What is the greatest common factor of n and u?
10
Let g(c) = -917*c - 8975. Let h be g(-10). Calculate the highest common factor of h and 4745.
65
Let o = 35 + 15. Let b(d) = d**3 - 34*d**2 + 27*d + 268. Let p be b(33). Calculate the highest common factor of o and p.
10
Let t(w) = -w**3 + 20*w**2 - 18*w - 41. Let u be t(19). Suppose -1 = -2*j - 5. Let p be 138/21 + (u/14 - j). Calculate the greatest common factor of 35 and p.
7
Suppose 496*g + 1375 = 507*g. Let w = g + 7. What is the greatest common factor of 231 and w?
33
Suppose 3*x = -0*x + 12. Suppose -m - 3 = 0, -x*m + 2*m = 3*t - 9. Suppose t*n - 2*o = 307, 3*n + o = -92 + 285. What is the highest common divisor of n and 9?
9
Suppose 4*c - 5990 = -5*o, -41*o = -5*c - 37*o + 7467. Calculate the greatest common factor of 195 and c.
65
Let r be 29 + 150/(-21) + (-24)/28. Let k(h) = 6 - 6*h**2 - h**3 + 2*h**3 + h - h**3 - h**3. Let i be k(-8). What is the highest common divisor of i and r?
21
Let q be (-1)/6 + (-665)/(-30) + -10. Suppose q*o - 2 = 70. Let g be 9*(-3)/(3/(-4)). Calculate the greatest common divisor of g and o.
6
Let a = -5692 - -8058. What is the highest common divisor of a and 91?
91
Let d be 1205 + -6 - (-13 - -8). What is the greatest common factor of d and 14?
14
Suppose -367*o + 156723 = -346*o. Calculate the greatest common divisor of 85 and o.
17
Let o be (-248)/(-6) - -5 - (-132)/(-99). What is the greatest common divisor of 2085 and o?
15
Suppose 0 = 4*s - 16, s + 0*s = 5*t - 16. Let k be ((-6)/t)/((-66)/(-44)) + 156. Calculate the highest common factor of 124 and k.
31
Let x be (-6 + 24)*116/6*18/2. What is the greatest common divisor of 870 and x?
174
Let z = -6627 - -10731. What is the highest common factor of z and 144?
72
Let w(f) = -794*f - 10264. Let a be w(-14). Calculate the highest common factor of a and 17253.
213
Let n = -70 + 104. Let a = n + -31. Suppose -2*o + 47 = 3*w, 2*w - a*o - 26 = o. What is the highest common factor of w and 30?
15
Let c = 101 + -88. Suppose 0 = c*w - 18*w + 250. Calculate the greatest common factor of 20 and w.
10
Let k be (-1)/1 - (-5 + 3) - (-39360)/30. Calculate the highest common factor of k and 52.
13
Suppose 7*i + 2*o - 56 = 4*i, -4*o = -2*i + 32. Let w(t) = -t - 21. Let y be w(-48). Calculate the greatest common factor of i and y.
9
Let m be 15/((-240)/(-128)) + 9203. Calculate the highest common factor of m and 61.
61
Suppose 1710 = -8*d + 98*d. Calculate the highest common divisor of d and 570.
19
Let l = -8470 - -9458. Calculate the greatest common factor of 104 and l.
52
Let r = 183 - 183. Suppose r = z - 11 + 1. Calculate the highest common divisor of 115 and z.
5
Let s be (12/(-10)*35/(-14))/1. Suppose 